se 6.
4534055
What is 56666 (base 7) in base 16?
3845
Convert -464796 (base 14) to base 5.
-1103104042
What is 1322644 (base 8) in base 3?
200210122211
What is 7172b (base 12) in base 8?
440723
Convert 139a14 (base 11) to base 13.
783cc
Convert -144202363 (base 7) to base 3.
-122222220102111
What is -1102001120 (base 3) in base 16?
-6c60
What is 224100 (base 10) in base 7?
1622232
What is -441424 (base 8) in base 4?
-210030110
Convert 179b4b (base 13) to base 16.
90c13
Convert -2133112331 (base 4) to base 14.
-12dc3b
5865b (base 13) to base 2
100111011010111111
-4417070 (base 9) to base 6
-122513143
-6564162 (base 7) to base 8
-3045650
1c165 (base 13) to base 16
d789
Convert -2110221211 (base 3) to base 11.
-33744
What is -26504152 (base 7) in base 8?
-11232511
-202013420 (base 6) to base 11
-1a4a586
What is 14430412100 (base 5) in base 7?
323540643
What is -154303 (base 9) in base 13?
-3432c
What is 15a5 (base 13) in base 5?
100202
Convert 68265 (base 9) to base 11.
31140
-571233 (base 8) to base 3
-100210222210
Convert c1b60 (base 13) to base 11.
217673
Convert -160664 (base 12) to base 3.
-201000021211
What is -1009873 (base 10) in base 7?
-11404144
-153213405 (base 6) to base 12
-1101265
Convert 64124 (base 7) to base 12.
9205
22333213 (base 4) to base 2
1010111111100111
Convert -55605 (base 12) to base 15.
-2380e
Convert -275150 (base 8) to base 4.
-113221220
-2d1c9 (base 14) to base 11
-77896
What is 33da (base 16) in base 4?
3033122
-110000100001000000 (base 2) to base 13
-6c5b2
What is -15425434 (base 6) in base 8?
-2056476
What is 43044004 (base 5) in base 3?
200102002110
What is -100001101100001100 (base 2) in base 9?
-230258
Convert 20332220 (base 4) to base 12.
19348
10111000101110100111 (base 2) to base 15
ee2d2
Convert -4513202 (base 6) to base 10.
-227522
What is 1220423230 (base 5) in base 15?
3c5a45
-73823 (base 12) to base 13
-53c70
-3aa55 (base 13) to base 5
-12000123
What is -a741244 (base 11) in base 6?
-1513054332
Convert 11302444 (base 5) to base 8.
312113
-50144350 (base 8) to base 12
-3641ab4
Convert -101110101010000010111 (base 2) to base 9.
-2780167
-424235 (base 16) to base 5
-2102423300
-420608 (base 9) to base 10
-249812
What is 175656 (base 9) in base 8?
325146
-2cade (base 15) to base 2
-100011001101010001
What is -1001100000111111111 (base 2) in base 9?
-524642
Convert 2041334 (base 8) to base 6.
15334300
What is 443b3 (base 12) in base 4?
112010313
What is 24a732 (base 12) in base 16?
92396
Convert -142a6a (base 13) to base 2.
-1111000000010111101
Convert 132984 (base 11) to base 10.
208817
125004 (base 6) to base 13
529c
1278b9 (base 12) to base 16
4a24d
-3473969 (base 10) to base 9
-6474345
214322101 (base 6) to base 3
21020201012101
What is 87588b (base 12) in base 4?
20023312223
102210000002 (base 3) to base 10
231824
-100323211 (base 4) to base 16
-10ee5
10211021020011 (base 3) to base 4
13300033222
Convert -7581757 (base 10) to base 13.
-1755c61
cc67a7 (base 13) to base 11
2797988
35544031 (base 7) to base 3
12221020100101
What is 1134523 (base 8) in base 4?
1023211103
Convert 2a62aa (base 13) to base 16.
fe5c0
Convert -467635 (base 9) to base 6.
-10005435
-146882 (base 12) to base 13
-c03bc
Convert 8336d (base 14) to base 2.
1001101001101010101
Convert 80360 (base 16) to base 2.
10000000001101100000
30121205 (base 6) to base 12
350205
26a1a (base 15) to base 2
11110001101111111
Convert 101001011101101010 (base 2) to base 5.
20413314
Convert a54a86 (base 12) to base 2.
1001111010111000000110
Convert -1232441 (base 7) to base 2.
-100110111010010001
Convert 10001011010101010101 (base 2) to base 15.
b4174
Convert 201333120032 (base 4) to base 14.
127d2d8
Convert 35332040 (base 6) to base 2.
100001100101111011000
4ab1a (base 15) to base 16
3a49e
Convert 1477276 (base 8) to base 4.
1213322332
What is -11100001110001100111 (base 2) in base 8?
-3416147
359bc0 (base 13) to base 4
10320020020
-26aaf (base 16) to base 11
-a8aa5
Convert -45061511 (base 8) to base 11.
-5542388
Convert 100121211102020 (base 3) to base 4.
103200211332
Convert 2114325 (base 6) to base 3.
12020210122
Convert -430237 (base 9) to base 6.
-5253311
-12011010 (base 4) to base 6
-311140
Convert c05823 (base 14) to base 8.
30533127
-221012000 (base 3) to base 9
-27160
-10152 (base 16) to base 14
-1a014
Convert -91d10 (base 15) to base 8.
-1606164
21468 (base 15) to base 16
19c97
What is -32742 (base 9) in base 11?
-1537a
-21122212212 (base 3) to base 11
-a3348
What is -2111450 (base 6) in base 13?
-37a19
-213232221202 (base 4) to base 11
-5973790
100210112120 (base 3) to base 14
503cd
What is -25442445 (base 8) in base 14?
-a725c9
Convert -4843481 (base 11) to base 5.
-4130002112
Convert -115833 (base 9) to base 2.
-10001000100101101
b6086 (base 13) to base 14
874a3
Convert 3648356 (base 9) to base 8.
7435073
What is -33c5 (base 16) in base 11?
-9a59
-5451 (base 12) to base 16
-243d
Convert -11b44a (base 15) to base 14.
-181103
Convert 23001103 (base 5) to base 10.
203278
Convert 13033120002 (base 4) to base 16.
1cf602
-111414412 (base 5) to base 16
-799bb
What is 37031a (base 14) in base 10?
1882996
Convert 153312602 (base 7) to base 11.
589852a
Convert -120230313132 (base 4) to base 2.
-11000101100110111011110
-1603251 (base 11) to base 6
-134435102
Convert -12067872 (base 9) to base 14.
-ad4c41
What is 176147 (base 9) in base 12?
5342a
What is -10fbb3 (base 16) in base 8?
-4175663
What is 13311261 (base 7) in base 12?
4b3830
Convert 3693a (base 15) to base 3.
22211222001
Convert 104b31 (base 13) to base 3.
201101222102
-140003113 (base 5) to base 12
-29b179
What is 10647643 (base 8) in base 7?
25445533
Convert 616008 (base 9) to base 15.
73342
What is -b45c6 (base 15) in base 12?
-236a06
-900105 (base 12) to base 15
-2e38e2
18af3a (base 16) to base 3
10001012002122
What is -2a26 (base 13) in base 12?
-3658
Convert 413714 (base 8) to base 12.
67464
What is -8181252 (base 9) in base 14?
-818547
What is 32240174 (base 8) in base 13?
1576841
Convert 101010111110011111 (base 2) to base 5.
21113111
What is 11400304 (base 5) in base 3?
12101212010
What is 10111000001110010 (base 2) in base 12?
46702
169433a (base 11) to base 12
b67b9a
Convert -24647110 (base 8) to base 11.
-3099908
What is 5283371 (base 9) in base 13?
781333
What is 3adc6 (base 15) in base 11?
119889
Convert a195 (base 14) to base 5.
1342032
Convert 9c0ae (base 16) to base 8.
2340256
-23101880 (base 9) to base 10
-11220759
Convert -9a3642 (base 11) to base 3.
-10000022122202
1309418 (base 10) to base 9
2415158
-121131321 (base 4) to base 9
-168073
Convert -58cba1 (base 13) to base 9.
-3870818
-a55b70 (base 15) to base 8
-36003732
What is -116381 (base 12) in base 6?
-10002241
1116201 (base 7) to base 2
100001111100000110
Convert -133101312 (base 4) to base 15.
-27e63
What is -10012021001000 (base 3) in base 5?
-413312433
Convert 100001111000101001 (base 2) to base 12.
683a1
23200120131 (base 4) to base 9
5606426
Convert -4b2a7 (base 12) to base 14.
-2943d
Convert 3001324 (base 5) to base 9.
71531
-1459c (base 15) to base 5
-4043042
What is -361034 (base 8) in base 6?
-2351220
What is -10011012211 (base 3) in base 11?
-42745
What is 14894 (base 10) in base 4?
3220232
What is 184016 (base 12) in base 9?
712350
What is -5525436 (base 7) in base 5?
-133212040
-2301110 (base 5) to base 2
-1001111101001100
What is 136500 (base 10) in base 15?
2a6a0
Convert 3a820 (base 15) to base 6.
4003503
-510819 (base 11) to base 13
-22983c
Convert 1011010100010011001 (base 2) to base 10.
370841
669b2 (base 15) to base 6
10554052
Convert 5523244 (base 6) to base 13.
98524
What is 1001000010011011111011000 (base 2) in base 11?
a776631
Convert 291324 (base 10) to base 11.
189970
13464242 (base 10) to base 12
4613982
Convert -130854 (base 12) to base 6.
-10405344
Convert -1115551 (base 7) to base 2.
-100001111001100101
c482 (base 15) to base 4
22020302
Convert 1370781 (base 9) to base 3.
1102100212201
Convert -120043014 (base 5) to base 3.
-1000221010110
102110101 (base 4) to base 7
431506
What is -22a15 (base 15) in base 3?
-12121021002
What is 268540 (base 9) in base 3?
22022121100
Convert 2430504 (base 6) to base 4.
133113220
What is -101412000 (base 5) in base 14?
-accd3
110101000000110110010 (